ppose 3*o = 6*o. Suppose 26 = l - 3*s, -4*s = -l - o*s + 25. What are the prime factors of l?
29
Suppose -5*c + 37 = -4*s, 6*s - 3*s = 5*c - 34. Suppose c*z - 207 = 43. Suppose 4*o = -o + z. What are the prime factors of o?
2, 5
Suppose 0 = -5*d + 9*d - 428. What are the prime factors of d?
107
Let r(j) = j + 26. Let g(h) = h + 53. Let x(s) = 2*g(s) - 5*r(s). What are the prime factors of x(-10)?
2, 3
Let d(v) = 17*v + 58. What are the prime factors of d(4)?
2, 3, 7
List the prime factors of (316/(-6))/(10/(-15)).
79
Let o(u) = -u**2 + 6*u + 2. Let j be ((-15)/6*-2)/1. What are the prime factors of o(j)?
7
Let i(y) = 6*y - 45. What are the prime factors of i(21)?
3
Let j(s) = 9*s + 2. Let o be j(4). Let a = o + -18. What are the prime factors of a?
2, 5
Suppose -3 - 3 = -2*h. Suppose 0 = -4*s - h*x + 70, -5*x - 70 = -7*s + 2*s. List the prime factors of s.
2
Let o(t) = -t**3 + 4*t**2 - 1 - 3 + 0 + t. Suppose 3 = w - 3*r, -3*w + 9 = -r - 4*r. List the prime factors of o(w).
2
Let g(d) = d**2 - d + 23. What are the prime factors of g(0)?
23
Let o(s) = -s + 100. Let g be o(0). List the prime factors of g/8 - (-1)/(-2).
2, 3
Let v = 5 - -7. What are the prime factors of v?
2, 3
Let i = -4 + 1. Let l be 57 - (i/(-3) - -1). Suppose -5*w - 4*h + 65 = h, 3*w - 5*h - l = 0. What are the prime factors of w?
3, 5
Let m(c) = 2*c**2 - 5*c - 1. Let k be m(7). Let f be k/(-6) - 2/3. Let p = f + 23. What are the prime factors of p?
2, 3
Suppose 4*q - 7*b - 1193 = -6*b, -1460 = -5*q - 5*b. List the prime factors of q.
3, 11
Suppose -3*f + 266 = 4*u, -4*u + 2*u = -2*f + 154. List the prime factors of f.
2, 41
Let i be 3/(9/(-6)) - -8. Suppose 3 - i = -k. Suppose -2*a + 3*o + 44 = 0, -a + k*a + o = 28. What are the prime factors of a?
2
Let w(q) = -q**2 - 2*q + 4. Let m be w(-3). Let x be 2/4*8*m. Suppose -x = -2*y + 8. What are the prime factors of y?
2, 3
Suppose -y + x = -23, -3*x + x = y - 20. List the prime factors of (-3)/15 + y/10.
2
Let c = 18 + -15. Suppose 0 = u + 5*w - 7, -6 = -3*w - c. List the prime factors of u.
2
Let w = 20 + -26. Let o(q) = -5*q**2 + 26*q - 6. Let j(i) = -2*i**2 + 9*i - 2. Let v(n) = 8*j(n) - 3*o(n). List the prime factors of v(w).
2
Suppose 0*w + w = 4. Let q = -4 + 16. Suppose w*a - 4 = q. List the prime factors of a.
2
Suppose -c = -6*c. Suppose 177 = 4*a + 3*y + 57, c = -2*y. List the prime factors of a.
2, 3, 5
List the prime factors of (3/6)/(3/1098*3).
61
Suppose 0 = v - 10 + 4. Let p be -7*(-1)/(7/v). Suppose -2 = -r + p. What are the prime factors of r?
2
Let w(h) = 3*h**2 + 6*h + 9. List the prime factors of w(-6).
3
List the prime factors of 280/5*(-3)/(-6).
2, 7
Suppose 0 = -3*w + 5*w. Suppose 3*t - 9 = -w*t. Suppose 3*v - 2 = -b + 23, 22 = t*v - 2*b. List the prime factors of v.
2
Let g(a) = -6*a - 48. List the prime factors of g(-16).
2, 3
Suppose 4*i + 7 = 39. Suppose -4*l + i*l = 8, -5*w + 2*l + 46 = 0. What are the prime factors of w?
2, 5
Let r be 1/(-2) - 135/2. Let t = r - -100. What are the prime factors of t?
2
Let p(w) = -w**3 - 5*w + 1. Let y be p(4). List the prime factors of y/(-5) + 16/40.
17
Suppose 0 = -m + 2. Suppose 3*d = 3*t + 51, m*d + 86 = 6*d + 5*t. What are the prime factors of d?
19
Suppose 0 = -t - 2*s + 21, -s - 12 = -4*s. Let a = 44 - t. List the prime factors of a.
31
Suppose 283 + 1092 = 11*n. List the prime factors of n.
5
Let r(c) = 4*c**2 + 4*c - 7. List the prime factors of r(4).
73
Let b(m) = 2 - 1 + 2*m**3 - 6*m**3 + 0. What are the prime factors of b(-1)?
5
Let j(h) = -4*h + 42. What are the prime factors of j(0)?
2, 3, 7
Let y = 6 + -6. Suppose 3*p + 13 - 1 = y. List the prime factors of (-30)/p - (-4)/(-8).
7
Let c(h) = h**2 - 2*h + 2. Let g be c(2). Suppose 0 = -2*r - g*j + 10, 3*r + 3*j + j - 14 = 0. What are the prime factors of r?
2, 3
Let i(d) = 3*d**2 + 4*d. What are the prime factors of i(-3)?
3, 5
Let g(i) = i**3 + 8*i**2 - 8*i + 7. Let o be g(-9). What are the prime factors of (o/(-5))/((-1)/(-5))?
2
Suppose 8*r - 5*r = 39. Let z = r - -3. List the prime factors of z.
2
Let w be (-196)/(-21)*(-2 + -1). List the prime factors of ((-2)/4)/(7/w).
2
Let z be ((-1)/(-3))/((-1)/(-18)). Suppose -2*w = -0*w - z. Suppose -57 = -3*r - 0*r + w*c, 77 = 5*r + 4*c. List the prime factors of r.
17
Suppose -12 = 3*s - s. What are the prime factors of (-13 + s)*2/(-2)?
19
Let q(b) = -20*b - 2. Let p be q(5). List the prime factors of (-8)/28 + p/(-14).
7
Let o = 72 + 198. List the prime factors of o.
2, 3, 5
Let u(w) = w + 1. Let n(y) = -2. Let b(m) = n(m) + 3*u(m). Let j be b(1). Suppose 2*a = -3*v + 3, -52 = -j*a + 5*v + 9. What are the prime factors of a?
3
Suppose -12*d + 14*d + 24 = 0. What are the prime factors of d/16 + 134/8?
2
Let o = 2 + 23. What are the prime factors of o?
5
Suppose -17*g = -19*g + 482. List the prime factors of g.
241
Suppose -3*r = -4*r + 3. Suppose -5*d = -r*d - 28. List the prime factors of d.
2, 7
Let s be -1 + 1 + 0 - 11. Let x = s + 20. What are the prime factors of x?
3
Let w = 6 + 3. Let z be (6/4)/(w/(-24)). List the prime factors of (9/2)/((-2)/z).
3
Let a(r) = 8*r**2 + r. What are the prime factors of a(1)?
3
What are the prime factors of 29920/180 + (-1)/(-9)*-2?
2, 83
Let b(z) = -z**2 + 6*z - 6. Let q be b(4). Let l(j) = j + 4. What are the prime factors of l(q)?
2, 3
Let o(x) be the third derivative of x**4/24 + 35*x**3/6 + x**2. Let k be o(0). Suppose 0 = -0*z - 5*z + k. What are the prime factors of z?
7
Let p = -150 - -242. What are the prime factors of p?
2, 23
Let d be (-2)/(-4) - (-5)/2. Suppose d = v - 1. Suppose 0 = v*y - 5 - 11. What are the prime factors of y?
2
Suppose 6*c - 14 = 70. What are the prime factors of c?
2, 7
Suppose 5*z + 2*m - 210 = 0, 2*z + m - 2*m - 75 = 0. Let i = z + -22. List the prime factors of i.
2, 3
Suppose 0*q + 3 = q. Let b = 9 + q. List the prime factors of b.
2, 3
Suppose 2*d + 0*d - 18 = 2*w, -w = d + 1. What are the prime factors of d?
2
Let k(r) = -4*r - 3. Let z be k(-2). Let y = 12 - 8. Suppose -16 = -z*u - t, 4*u - 2*t - y = 6. List the prime factors of u.
3
Suppose -5*x - 2*g - 40 = -7*g, -g = -3*x - 20. Let b = 3 - x. List the prime factors of b.
3
Suppose k = -3*k + 560. What are the prime factors of k?
2, 5, 7
Let h(p) = p + 12. Let g(q) = 3*q**3 - q**2 - 3*q + 1. Let m be g(2). Let r be (-125)/m + (-2)/3. What are the prime factors of h(r)?
3
Let y(k) = 2*k**2 - 4*k + 3. Let j be y(2). Suppose j*v - 4*p + 0*p = 55, 59 = 3*v - 2*p. List the prime factors of v.
3, 7
Suppose 0 = 4*b - 2*b. Suppose 2*y + 3 - 19 = b. List the prime factors of y.
2
Suppose y + 4 = 3*y. Suppose 0 = 3*z - y - 31. List the prime factors of z.
11
Let c(f) = f**3 - 11*f**2 + 8*f + 11. Let n be c(10). Let k = n + 13. What are the prime factors of k?
2
Suppose 6 = -2*r - 3*h + h, 4*r - 4*h = -36. Let c(b) = b**3 + 5*b**2 - 5*b + 1. Let m be c(r). Let f = m + 7. What are the prime factors of f?
2
Suppose 4*x - 10 = -3*z, -3*x + 3 = -0. Suppose -3*m - 56 = -7*m. Suppose z*s - 10 = m. List the prime factors of s.
2, 3
Let o = 31 - 15. What are the prime factors of o?
2
Suppose 4*i - 15 = 2*r - 5*r, 0 = 4*i. Suppose 13 = r*b - 12. Let s = b - -3. List the prime factors of s.
2
Let w be (-9)/(-27) - (-4)/(-3). Let y = w + 4. Let g = y - -6. List the prime factors of g.
3
Suppose 2*w - 4 = -0*w. Suppose -2*y - 4*z - 6 = 0, -2*y = w*y + z - 9. Suppose -2*q - q + 24 = -2*o, -3*o = 2*q - y. What are the prime factors of q?
2, 3
Suppose 32*s - 7*s - 3750 = 0. What are the prime factors of s?
2, 3, 5
Let n = -2 - -7. Suppose -4*k + 34 = 5*l, 3*k = 4*l - 47 - n. Let w = 12 - l. List the prime factors of w.
2
Suppose 5*u = 3*v + 15 + 1, 3*u = -3*v + 24. Suppose 1 = -v*n + 10. Suppose 6*y = n*y + 33. List the prime factors of y.
11
Suppose 113 = m - 53. List the prime factors of m.
2, 83
Let x(q) = -q**2 - q + 1. Let o be x(2). Let s = o + 12. What are the prime factors of s?
7
Let i(r) = -17*r - 3. What are the prime factors of i(-3)?
2, 3
Let a(t) = -t**2 - 3*t - 2. Let y be a(-2). Suppose y*x + x - 17 = 0. What are the prime factors of x?
17
Let x = 172 - -54. What are the prime factors of x?
2, 113
Let p = 112 - 39. List the prime factors of p.
73
List the prime factors of (20/(-6))/((56/567)/(-4)).
3, 5
Let q(r) = -91*r - 3. What